 common divisor of 7116 and 24?
12
What is the highest common factor of 88 and 55?
11
What is the greatest common divisor of 70 and 2870?
70
Calculate the greatest common divisor of 1937 and 26.
13
What is the greatest common factor of 137 and 2?
1
Calculate the greatest common factor of 7791 and 53.
53
Calculate the greatest common factor of 1660 and 20.
20
What is the highest common factor of 232 and 1102?
58
What is the highest common divisor of 33 and 231?
33
What is the highest common factor of 730 and 1679?
73
Calculate the greatest common factor of 453 and 15.
3
What is the highest common divisor of 15 and 9105?
15
Calculate the greatest common factor of 109 and 1.
1
Calculate the highest common divisor of 1591 and 473.
43
What is the highest common factor of 11 and 7271?
11
Calculate the highest common factor of 320 and 1472.
64
What is the greatest common factor of 6672 and 36?
12
Calculate the greatest common divisor of 1048 and 8.
8
Calculate the greatest common factor of 110 and 10.
10
Calculate the greatest common factor of 50 and 710.
10
Calculate the highest common divisor of 108 and 414.
18
What is the greatest common divisor of 2 and 2600?
2
What is the greatest common divisor of 18 and 1062?
18
What is the greatest common divisor of 531 and 295?
59
What is the highest common divisor of 99 and 36?
9
Calculate the highest common factor of 99 and 440.
11
Calculate the highest common divisor of 11 and 17.
1
Calculate the highest common factor of 12447 and 27.
27
Calculate the highest common factor of 186 and 13857.
93
Calculate the highest common factor of 141 and 57.
3
Calculate the highest common factor of 132 and 42548.
44
What is the greatest common factor of 7 and 35?
7
Calculate the highest common divisor of 6831 and 46.
23
Calculate the highest common factor of 530 and 477.
53
What is the greatest common factor of 44 and 154?
22
Calculate the greatest common factor of 285 and 627.
57
What is the highest common factor of 49 and 7?
7
Calculate the greatest common divisor of 170 and 200.
10
Calculate the highest common divisor of 108 and 945.
27
Calculate the greatest common divisor of 65 and 45.
5
What is the highest common divisor of 42 and 1050?
42
What is the highest common factor of 5670 and 135?
135
Calculate the greatest common divisor of 10785 and 15.
15
What is the highest common factor of 62 and 496?
62
What is the highest common factor of 518 and 224?
14
What is the highest common factor of 92 and 12?
4
What is the greatest common factor of 10 and 55?
5
What is the greatest common factor of 805 and 35?
35
What is the highest common factor of 266 and 76?
38
What is the greatest common divisor of 205 and 2091?
41
What is the highest common divisor of 425 and 595?
85
Calculate the highest common factor of 110 and 10.
10
Calculate the greatest common divisor of 17461 and 19.
19
Calculate the greatest common factor of 2241 and 81.
27
Calculate the greatest common factor of 23 and 667.
23
What is the greatest common divisor of 25992 and 72?
72
Calculate the greatest common divisor of 928 and 29.
29
What is the greatest common divisor of 48 and 6?
6
Calculate the highest common factor of 1606 and 44.
22
Calculate the greatest common divisor of 65484 and 68.
68
What is the highest common factor of 7 and 1456?
7
Calculate the highest common divisor of 975 and 39.
39
What is the greatest common factor of 34 and 714?
34
What is the highest common divisor of 2406 and 6?
6
What is the highest common divisor of 460 and 138?
46
What is the greatest common divisor of 4 and 604?
4
Calculate the highest common factor of 15684 and 12.
12
Calculate the highest common factor of 147 and 63.
21
What is the highest common factor of 99 and 7887?
33
What is the greatest common divisor of 78 and 286?
26
What is the highest common divisor of 120 and 4605?
15
What is the greatest common divisor of 84 and 112?
28
Calculate the highest common factor of 22 and 594.
22
What is the highest common factor of 1578 and 12?
6
What is the highest common divisor of 15 and 435?
15
Calculate the highest common factor of 76 and 342.
38
Calculate the highest common factor of 228 and 1311.
57
Calculate the greatest common factor of 5 and 685.
5
Calculate the greatest common factor of 1623 and 33.
3
What is the greatest common factor of 2125 and 255?
85
Calculate the highest common factor of 10 and 5.
5
Calculate the highest common factor of 10 and 16690.
10
What is the greatest common factor of 312 and 12?
12
Calculate the greatest common divisor of 966 and 368.
46
Calculate the greatest common factor of 190 and 1235.
95
Calculate the greatest common factor of 26 and 9386.
26
Calculate the greatest common divisor of 154 and 2849.
77
What is the greatest common factor of 239 and 4063?
239
What is the highest common factor of 418 and 38?
38
What is the highest common factor of 195 and 3055?
65
What is the greatest common divisor of 144 and 64?
16
Calculate the highest common divisor of 105 and 45.
15
Calculate the highest common factor of 420 and 2660.
140
What is the greatest common divisor of 21 and 105?
21
Calculate the highest common factor of 1040 and 1430.
130
Calculate the highest common factor of 1295 and 35.
35
What is the highest common divisor of 374 and 737?
11
What is the greatest common factor of 1170 and 126?
18
Calculate the greatest common factor of 6 and 694.
2
Calculate the greatest common factor of 30 and 264.
6
Calculate the highest common factor of 1776 and 48.
48
What is the highest common factor of 8905 and 325?
65
What is the highest common factor of 754 and 58?
58
What is the greatest common divisor of 259 and 37?
37
Calculate the highest common factor of 1472 and 288.
32
Calculate the greatest common divisor of 25746 and 14.
14
Calculate the highest common divisor of 504 and 315.
63
Calculate the greatest common divisor of 4148 and 136.
68
Calculate the highest common divisor of 747 and 9.
9
Calculate the greatest common factor of 3200 and 704.
64
Calculate the greatest common factor of 15 and 25.
5
Calculate the highest common factor of 798 and 1533.
21
What is the highest common factor of 12 and 57?
3
What is the highest common divisor of 40 and 30?
10
Calculate the greatest common divisor of 110 and 13310.
110
Calculate the greatest common divisor of 34 and 374.
34
Calculate the highest common factor of 160 and 280.
40
What is the highest common factor of 248 and 64?
8
What is the highest common divisor of 16 and 4952?
8
What is the highest common factor of 73 and 10001?
73
Calculate the highest common factor of 37 and 1.
1
What is the highest common divisor of 98 and 1162?
14
Calculate the greatest common divisor of 610 and 2501.
61
Calculate the highest common factor of 1782 and 22.
22
What is the greatest common factor of 103 and 1133?
103
Calculate the greatest common divisor of 366 and 48.
6
What is the highest common divisor of 156 and 72?
12
What is the highest common factor of 252 and 3150?
126
Calculate the highest common divisor of 53262 and 18.
18
What is the highest common divisor of 16 and 236?
4
What is the greatest common factor of 252 and 420?
84
Calculate the highest common factor of 1495 and 115.
115
Calculate the greatest common factor of 29 and 493.
29
Calculate the greatest common factor of 14 and 25.
1
What is the highest common divisor of 1518 and 198?
66
Calculate the greatest common factor of 1980 and 572.
44
What is the greatest common factor of 3915 and 405?
135
What is the greatest common divisor of 31696 and 112?
112
Calculate the greatest common divisor of 14144 and 272.
272
Calculate the highest common factor of 204 and 12.
12
What is the greatest common factor of 135 and 648?
27
What is the highest common factor of 629 and 4107?
37
Calculate the highest common divisor of 30 and 30.
30
Calculate the greatest common divisor of 468 and 36.
36
What is the highest common factor of 629 and 185?
37
Calculate the greatest common factor of 322 and 28.
14
What is the greatest common divisor of 21867 and 111?
111
Calculate the greatest common factor of 43 and 1075.
43
What is the greatest common factor of 30 and 1788?
6
What is the highest common divisor of 231 and 1793?
11
Calculate the highest common divi